-1)/27)/(2/p)?
9
Suppose 3*s + 308 = -5*q + 2424, -s + 1697 = 4*q. Suppose 3*l + q = -766. Let u = l - -557. What is the units digit of u?
0
What is the units digit of 44479 - (-2)/(-7*8/(-56))?
1
Let d be 16/(-8)*(-10)/4. Suppose 3*t = d*m + 1517, 4*t - 2*m - 875 - 1171 = 0. What is the tens digit of t?
1
Let y be (3 + 4 + -4 - -1) + 14. Suppose -y*h - 3693 = -14097. What is the units digit of h?
8
Let q(i) be the second derivative of 0 - 18*i + 1/6*i**4 + 6*i**2 + i**3. What is the tens digit of q(7)?
5
Suppose -3*i = 3*q - 64884, -2*q + 180 = 4*i - 43076. What is the hundreds digit of q?
6
Suppose -34*x + 32*x - 16 = 0. What is the units digit of 56820/(-80)*x/6?
7
Suppose 924 = 8*w + 4*w. Let d = w - -170. What is the units digit of d?
7
Let z = -362 + 420. Suppose 0 = -z*b + 54*b + 764. What is the tens digit of b?
9
Let i(o) = 7*o**2 - 81*o - 200. What is the hundreds digit of i(37)?
3
Let z(g) = g**2 - g + 2. Let s(c) = c**2 - 15*c + 1. Let p be s(15). Let m be z(p). Let r(v) = 10*v**3 - v. What is the tens digit of r(m)?
7
Suppose -4*i + 1874 = 3*j, -2*i = -4*j - 3*i + 2490. Let f = j - 412. Suppose 0 = 5*x - 0*h - 2*h - f, 2*x + 5*h = 113. What is the tens digit of x?
4
What is the tens digit of -1 + (-23196)/(-12) - (-8 - -3)?
3
Let s be (-14)/77 + (-5702)/44*-2. Suppose -s = 3*z - 10*z. What is the tens digit of z?
3
Suppose 174*k = 200*k - 131508. What is the tens digit of k?
5
Let g be (-11)/(165/(-36))*15/9. Suppose 1222 = g*k - 402. What is the tens digit of k?
0
Let s(k) = 3*k**3 + 4*k**2 + 5*k. Let z be s(-3). What is the tens digit of (-1014)/z - 2/(-20)?
1
Suppose -4*o + 4*f = -54384, 0 = -11*f + 10*f + 5. What is the ten thousands digit of o?
1
Let x(a) = -417*a - 754. What is the hundreds digit of x(-6)?
7
Let f be ((-454)/(-18))/1 - (-2)/(-9). Suppose 0 = f*a - 26*a + 6. Suppose 58 = 4*l + 3*c, -l + a*l - 75 = -5*c. What is the tens digit of l?
1
Suppose 0*w + w + 12 = 2*u, 4*u - 5*w - 30 = 0. Suppose 8 = -u*a + 9*a. What is the tens digit of 5 - -120 - -1*a?
2
Suppose 16192 = -7*s - 5*o + 296613, 3*s + 4*o = 120186. What is the tens digit of s?
5
Let j be (4 - -51)/1 + 0. Let v = 163 - j. Let g = v - 45. What is the units digit of g?
3
Let a(z) = z**3 - 6*z**2 - 16*z + 3. Let w be a(8). Suppose 4*f - 1482 = -3*r, 13*f - 16*f + 1113 = w*r. What is the tens digit of f?
6
Let s(q) = 1191*q**3 + 2*q**2 - 2*q + 1. Let l be 2/3 + (-15)/(-45). Let w be s(l). What is the units digit of w/10 + 44/55?
0
What is the thousands digit of (80/10 + 0)/((-3)/(-22319 - 1))?
9
Suppose 83753 + 101545 = 34*f - 237900. What is the units digit of f?
7
Suppose -43*a - 238939 + 281635 = -442559. What is the ten thousands digit of a?
1
Let j = 17945 - 9140. What is the thousands digit of j?
8
Suppose -257*s = -256*s - 202. Let f = 157 + s. What is the hundreds digit of f?
3
Let n = 107 - 192. Let t be ((-40)/(-40))/(1/158). Let a = n + t. What is the tens digit of a?
7
Let z(c) = 2476*c**2 + 104*c + 3. What is the tens digit of z(-2)?
9
Let f = 6498 - -4058. What is the hundreds digit of f?
5
Let s(m) = -15*m**2 - 9*m + 77037. What is the tens digit of s(0)?
3
Suppose 5*g = 12*d - 14*d + 579, 0 = 2*d + 2*g - 594. What is the hundreds digit of d?
3
Suppose -5*i + 8456 = 4*n, 0 = 2*i + 761*n - 760*n - 3386. What is the hundreds digit of i?
6
Suppose -3*s = -5*a - 1847, 5*a - 6 - 19 = 0. Let b = 900 - s. What is the tens digit of b?
7
Let s = -60 - 65. Let v = s - -129. Let z = 35 - v. What is the tens digit of z?
3
Suppose 5*b + 11 - 104 = -2*m, 0 = -4*b - 3*m + 80. Let h(u) = -u**2 + 36*u - 3. What is the hundreds digit of h(b)?
3
Suppose 311*q + 1 = 312*q, -3*q = -5*o + 71012. What is the hundreds digit of o?
2
Let z(n) = 18*n**2 - 13*n + 45. What is the hundreds digit of z(23)?
2
Suppose -18*d = d - 3268. Suppose s - 8*h = -5*h + 76, h + d = 2*s. What is the tens digit of s?
8
Let k be (-18)/3 - (-2 + -1). Let s(m) = -21*m - 3. What is the units digit of s(k)?
0
Let h(f) = -12348*f - 89. What is the hundreds digit of h(-2)?
6
Suppose -3*o = -12, 43*a - 5*o = 40*a - 836. What is the units digit of (13/(-4))/(1/a)?
4
Let m = -10512 + 17560. Suppose 3*p - m = -p. What is the thousands digit of p?
1
Let x = -102 + 121. Suppose -x*i - 2045 = -24*i. What is the tens digit of i?
0
Let m(t) = 6*t + 8. Let a(n) = 2 + 0 - 4 + 1. Let c(y) = -5*a(y) - m(y). What is the units digit of c(-2)?
9
Let n be ((-350)/(-75))/((-11)/6 + 2). Suppose 7718 = n*f - 4602. What is the tens digit of f?
4
Let h = -12639 + 59807. What is the tens digit of h?
6
Suppose 121 = 3*t - 5*i, 3*t + 4*i - 111 = 7*i. Suppose 8*g - 8400 = -t*g. What is the tens digit of g?
1
Let a = 16920 - 7616. What is the units digit of a?
4
Suppose 0 = -2*c - 2, 0 = 3*t - 0*t - 4*c + 281. Let q = 381 + t. What is the tens digit of q?
8
Suppose -5*z - 5*r = 20, -3*z - 3 - 5 = 2*r. Suppose z = 5*j - j - 648. What is the hundreds digit of j?
1
Suppose -2*n = 2*n - 2*n. Suppose 2*g + 3*k = -9 + 111, 2*g + 5*k - 98 = n. What is the units digit of g?
4
Let q = 16963 - 6295. What is the thousands digit of q?
0
Let g(w) = 86*w**2 - 191*w + 6035. What is the ten thousands digit of g(27)?
6
Suppose -5*u = -2 + 17, -3*t + 2*u + 15 = 0. Suppose -5*v = -t*q - 1960, 403 = 3*v + 2*q - 754. What is the hundreds digit of v?
3
Let c(x) = -x**2 - 12*x - 21. Let g be c(-9). Let f(z) = z**3 - 7*z**2 + 8*z - 9. Let i be f(g). Suppose -i*k + 275 = 2*k. What is the units digit of k?
5
Suppose 5472 = 19*w - 13*w. Let v = 1654 - w. What is the tens digit of v?
4
Let i(m) = -m + 16. Let w be i(11). Let k(d) = 2*d + 1. Let p be k(w). Let c(f) = f**3 - 9*f**2 - 13*f - 15. What is the tens digit of c(p)?
8
Let v = 17 + -13. Suppose -2*u + 3*u = 4*i + 48, -36 = -2*u - v*i. Let m = u - 25. What is the units digit of m?
3
Suppose 0 = -2*x - 75 - 93. Let l = 339 + x. What is the tens digit of l?
5
Let v(s) = 130*s + 1323. What is the units digit of v(43)?
3
Let r(a) = -5 - 115*a**3 - 2*a + 69*a**3 + 3 - 125*a**3 + 2*a**2. What is the units digit of r(-1)?
3
Let h = 5274 + 5068. What is the tens digit of h?
4
Suppose -34763 - 55015 = -26*j. What is the thousands digit of j?
3
Let h be (371/14)/((-2)/(-16)). Suppose 4*a - 299 = -u, -10*a - 3*u = -5*a - 365. Let x = h - a. What is the units digit of x?
6
Let n be 3 - ((28 - 3) + (0 - 0)). Let z be 30/(-165) + (-70)/n. Suppose -z*l = -68 - 46. What is the tens digit of l?
3
Let h = 1811 - 814. What is the hundreds digit of h?
9
Let d(j) = j**2 - 2. Let g(x) = 5*x**2 + 26*x + 21. Let h(w) = 4*d(w) - g(w). What is the tens digit of h(-23)?
4
Let o be ((-9)/21 - 1744/(-84))*3. Suppose -w + 6*w + 3*u = 106, 2*w - u = 38. Suppose 3*b - o = 3*n + 146, 4*n - w = 0. What is the tens digit of b?
7
Let z(o) = 168*o + 1673. What is the units digit of z(0)?
3
Let a = -79 + 175. What is the units digit of a/(-5)*-5*(-4)/(-4)?
6
Let w(b) = 273*b - 1306. What is the hundreds digit of w(9)?
1
Let d(f) = 103*f**2 - 2*f - 2. Let o(p) = -p**2 - 13*p - 32. Let r be o(-10). What is the tens digit of d(r)?
1
Let b = -7 + 12. Suppose y - 10666 = -5*c, -2*c - 5*y - 6422 = -b*c. What is the units digit of c/14 - (75/(-21) - -3)?
3
Let v = -5900 + 13164. What is the thousands digit of v?
7
Let g be ((-200)/6)/(106/3339). Let z = -78 - g. What is the tens digit of z?
7
Suppose 14*u - 11*u - 12 = 0. Let w = u + -1. Suppose 2*n - 108 = -j, -w*n + 4*j + 121 = -52. What is the units digit of n?
5
Let d(u) = -u**3 + 12*u**2 - 7*u - 2. Let h be d(11). Let f = 52 - h. Suppose 0 = j - 2*s - 37, -j + 4*s = f - 41. What is the tens digit of j?
4
Suppose 3*d + d + 2*z - 3140 = 0, 0 = -5*z. Suppose 5*h - d - 1270 = -3*c, -5*c - 2055 = -5*h. What is the units digit of h?
1
Let p(n) = 3*n**3 - 10*n - 5. Let o be p(6). Suppose m + 2744 - o = 2*d, 2*m = -4*d + 4326. What is the units digit of d?
1
Let m(v) = 2689*v - 13837. What is the ten thousands digit of m(12)?
1
Suppose -2*y - 5*h - 376 = -5*y, 4*y - 5*h - 493 = 0. Let w(b) = -15*b - 780. Let u be w(-52). Suppose -4*q + 231 + y = u. What is the tens digit of q?
8
Let b be 1/((-2)/27)*804/(-9). Suppose -5*r + b + 4316 = a, -2*r = -4*a - 2222. What is the thousands digit of r?
1
Let u(t) = -t**3 + 14*t**2 + 10*t - 8. Let v = -57 + 70. What is the units digit of u(v)?
1
S